 1 - 40*i - 3*i**2 + 20*i + 22*i. What is w(2)?
-7
Let u(l) = -7*l + 2. Let z(i) = -13*i + 4. Let y(j) = -5*u(j) + 3*z(j). Determine y(2).
-6
Suppose -4*p - 2 = -14. Let n(m) = 2*m**2 - 3*m - 2. Calculate n(p).
7
Let d = -16 + 6. Let y = -7 - d. Let v(x) = x**2 - 3*x - 1. Give v(y).
-1
Let r(u) = 0*u**2 + 154 - 152 - u**2 + 2*u. Let h be ((-3)/4)/(2/(-8)). Determine r(h).
-1
Let x(r) = r**3 + 13*r**2 + 12*r - 8. Let g be x(-12). Let u(a) = -a**3 - 9*a**2 - 9*a - 8. What is u(g)?
0
Let a = 0 - 1. Let g be (-1 + 5 - a) + -2. Let h(b) = -1 - 2 + 6*b - g*b. Calculate h(-3).
-12
Suppose -4*c - 3 = -11. Let v(w) be the second derivative of -c*w + 1/20*w**5 + 0*w**2 + 5/6*w**3 - 1/2*w**4 + 0. Calculate v(4).
-12
Let x(r) = -r**2 + 5*r - 5. Let k be 9/6*-2 - -7. Suppose -a = -2*a + k. Let v be 45/12 - (-1)/a. Determine x(v).
-1
Let x be ((-2)/5)/(2/(-20)). Let v be ((-2)/(-6))/(2/12). Let a(c) = c + 3 - 4*c + v*c. Determine a(x).
-1
Suppose 15 = -s + 6*s. Let m(j) = j**3 - 3*j**2 - 2*j + 3. Calculate m(s).
-3
Let l(d) = -d - 2. Let j(i) = i**2 - 3*i - 7. Let q be j(5). Suppose -4*f = -m - 10, -3*f + 0*m + 15 = q*m. Suppose 2 = 3*p + 11, -3*g - p = f. Determine l(g).
-2
Let o(v) = -3 - v + 4 - 6. Suppose 2*w = 0, -5*m - 6*w - 35 = -w. Calculate o(m).
2
Let c(n) = -13*n**2 + 5*n + 1 + 10*n**2 - 2*n + 2*n**2. Let z be c(4). Let x(g) = g + 3. What is x(z)?
0
Let l = 3 + -1. Let b(h) be the first derivative of 1/3*h**3 - 2*h**2 + 2 + h. What is b(l)?
-3
Let z(v) be the second derivative of -v**3/6 + 11*v**2/2 - 5*v. Calculate z(5).
6
Let v(i) = -5*i - 2. Let q(p) = -1 - 3 - p + 2 - 4*p. Let k(w) = 3*q(w) - 2*v(w). Suppose -f - 2*f - 6 = 0. Give k(f).
8
Let v be -3 - (-2 - 0/7). Let q(h) = -51*h**2 + 16. Let k(p) = 10*p**2 - 3. Let z(f) = -11*k(f) - 2*q(f). What is z(v)?
-7
Let m(o) = 5*o**3 + 3*o**2 + o + 1. Let u(r) = -4*r**3 - 2*r**2 - r - 1. Let g = -24 - -20. Let q(c) = g*u(c) - 3*m(c). What is q(0)?
1
Suppose -2*m = -4*c - 10, c - 20 = -m - 3*m. Let p(j) = -j**2 + 5*j + 6. Calculate p(m).
6
Let z(h) be the third derivative of -h**6/360 - h**5/60 - h**4/12 - 5*h**3/6 + 5*h**2. Let q(t) be the first derivative of z(t). Determine q(-2).
-2
Let h(v) = -v**2 - 5*v - 2. Let w(a) = -a**3 + 7*a**2 - 6*a + 4. Let m be w(6). Suppose 5*u + 25 = 3*d, d = m*u + 4*d + 20. Determine h(u).
-2
Let d(i) = -2*i + 2 + 1 - 2 + 0. What is d(2)?
-3
Suppose x - 5 = 1. Suppose r + 8 = -3*l, 2*l - 2*r - 3*r = x. Let n(s) = 5*s. What is n(l)?
-10
Let h = -26 + 20. Let f(t) = -2*t - 9. What is f(h)?
3
Let z(v) = -8*v + 2. Let i(t) be the first derivative of t**2/2 + t + 3. Let g(y) = -9*y - 4. Let b(k) = g(k) + 5*i(k). Let p(u) = 7*b(u) - 3*z(u). Give p(2).
-7
Suppose 2*r + 5 = -3*r. Let v(w) = -10*w. Determine v(r).
10
Suppose -7*u + 2*u = 10. Let r = 7 + u. Let o(n) = -n**2 + 2*n + 7. Determine o(r).
-8
Suppose -5*h - 25 = 0, -3*s - 2*s = -3*h - 45. Let u(j) = 2 - 2 - j**2 + j + 4*j - 7. Determine u(s).
-13
Let a(f) = f**3 - 3*f**2 - 3*f + 3. Let l = 4 - 2. Let v be (l/8)/((-1)/(-4)). Let u = 4 - v. What is a(u)?
-6
Let x = -91 - -86. Let k(r) = -r**2 - 2*r + 6. Determine k(x).
-9
Let f(y) = y**2 + y. Let i(c) = 2*c**2 + 8*c + 6. Let k(o) = -3*f(o) + i(o). Let b(q) = -q**2 - 8*q - 3. Let p be b(-8). Let d = 2 - p. Determine k(d).
6
Suppose -2*d - 3 = d. Let c(p) = -p**3 - p**2 + p + 1. Let b(k) = 10*k**3 + 3*k**2 - 3*k - 6. Let w(i) = d*b(i) - 5*c(i). What is w(1)?
-4
Suppose 0 = 5*s + 11 + 4. Let k(g) be the first derivative of -2*g**2 + 17*g + 1. Let a(c) = -2*c + 8. Let t(y) = s*k(y) + 7*a(y). Give t(5).
-5
Let y(t) be the third derivative of -t**4/4 - t**3/6 + 2*t**2. Suppose 5*f - 40 + 30 = 0. Give y(f).
-13
Let i = -7 + 11. Suppose -8 = -i*b - 0. Suppose q - 12 = -b*q. Let v(c) = c. Determine v(q).
4
Let c(b) = -b**2 + 2*b + 2. Let k be (24/(-28))/((-1)/(-7)). Let y be ((-2)/k)/(4/36). What is c(y)?
-1
Let t(w) = -w**2 - 5*w - 4. Let m(s) = -4*s**2 - 16*s - 12. Let c(v) = -2*m(v) + 7*t(v). Let x be (18/15)/((-6)/45*-3). Calculate c(x).
-4
Let m(n) = n**2. Let y(d) = -d**2 + 6*d + 2. Let c be y(6). Let l be m(c). Let w(k) = -2*k + 5. Determine w(l).
-3
Let h = 1 + -4. Let j(u) = u**3 + 2*u**2 - 3*u + 2. Calculate j(h).
2
Let k(q) = q - 1. Let w(a) = 0*a**3 + a**2 + 5 + 5*a**2 - 7*a + a**3. Suppose 2*h = -18 + 4. Let y be w(h). What is k(y)?
4
Let w(i) be the second derivative of 3*i**5/20 + i**4/6 - i**3/6 - i**2 - 4*i. What is w(-2)?
-16
Let x(q) = 2*q**2 + 4*q + 3. Suppose 0 = 5*v + 25, 6*h - 2*h - 4*v = 12. Give x(h).
3
Suppose -59 = -5*g - n + 2*n, -n - 4 = 0. Let q(k) = 5 - g + k - k**2 + 0*k. Give q(0).
-6
Let v(j) = 0*j - j**2 + 5*j - j - 4. Let n be v(4). Let q(r) be the first derivative of -r**3/3 - 5*r**2/2 - 3*r - 1. What is q(n)?
1
Let f = -2 - -1. Let z(v) be the second derivative of -v**3/6 - v**2/2 + 3*v. Determine z(f).
0
Let s(z) = -6 + 4 - 4*z + 4*z - z. Let g = 15 - 6. Let y = g - 11. Determine s(y).
0
Let l = 5 + -1. Let b(k) = k**3 - 4*k**2 + 3*k - 2. What is b(l)?
10
Let i(c) = -c**3 - 2*c**2 - 3 + 3*c**2 + 7. Let r be (-33)/(-5) - 12/20. Suppose 0 = f - r*f. Calculate i(f).
4
Suppose 60 = 8*d - 2*d. Suppose -d = 4*u - 2*u. Let p(b) = -b + 0*b + 0*b. Give p(u).
5
Let w(n) = -n - 1. Let k(a) = 4*a + 37. Let r be k(-7). Calculate w(r).
-10
Let b = -1 + 1. Let v = -6 + 8. Let g(h) = -5*h + h**v + 2*h + 4*h - 2 - 2*h. Give g(b).
-2
Suppose -3 = 5*x - 2*x. Let u(m) = 4*m**2 + m. Let f be u(x). Let a(v) = -3*v**3 + 2*v**2 + v + 7*v**f + 2 - 6*v**3. Determine a(2).
-4
Let x(d) = 3*d - 3. Let w(i) = -10*i + 7. Let c(u) = 10*u - 6. Let a(h) = -2*c(h) - 3*w(h). Let b(v) = 2*a(v) - 7*x(v). Let j be (1 - 1)/(-8 - -10). Give b(j).
3
Let z(j) = -9*j**3 - 5*j - 4. Let o(q) = 18*q**3 + 9*q + 7. Let r(v) = -3*o(v) - 5*z(v). Suppose -2*s = -3*s - 1. Calculate r(s).
10
Let j(f) = f**3 - 7*f**2 + 6*f. Suppose -5*l = 14 - 4. Let w = l + 8. Calculate j(w).
0
Let s(i) = -3 + 8*i + 0 - 1 - i**2 + 2. Let y be s(7). Let p(n) = -n**2 + 3*n + 3. Give p(y).
-7
Let h(d) = d**3 - d**2 + 2. Let c be h(0). Let w(u) = -c*u + 1 - 3 + 7*u. Calculate w(2).
8
Let f(r) = 5*r - 1. Let g be f(1). Let p(t) = -t + 3*t**2 - 3 - 2*t**2 + g. Determine p(3).
7
Let n(z) = -3*z**2 - 1. Suppose -13 = 4*q + 3, 22 = 2*s - 5*q. Let h be n(s). Let j(f) = -f**3 - 3*f**2 + f - 4. Determine j(h).
8
Let n(c) = -2*c - 4*c**3 - 5*c**2 + 35 + 5*c - 39 + 5*c**3. Give n(3).
-13
Let f = -8 - -13. Let b(u) = -3*u**2 + 10*u**2 - 6*u**2 + 6 - 5*u. Calculate b(f).
6
Let z(f) = f**2 - 2. Let j(s) = -s**2 - 2*s + 11. Let u(b) = j(b) + 5*z(b). Let g(w) = w**2 - w + 2. Let h be g(2). Suppose 0 = 4*p + h - 8. Give u(p).
3
Let y(s) = s**3 - 7*s**2 + 5*s + 5. Let o = -15 - -6. Let t = o - -15. Give y(t).
-1
Let q(w) = 2 + 2*w - 2*w + 10*w**2 - w**3 - 4*w**2. Determine q(6).
2
Let o(f) = 2*f - 5. Let h(t) = t - 3. Let p(g) = 13*h(g) - 6*o(g). Let x be p(10). Let z(l) = -4*l**2 + 1. Give z(x).
-3
Let p = 6 + -4. Suppose -4*h + 0*x = 4*x - 40, 0 = -h + 3*x - 10. Let d(n) = -n - 3*n - p + h*n - 2. Calculate d(3).
-1
Let b(v) be the first derivative of v**3/3 - 3*v**2 + 6*v - 12. Suppose -n = -1 - 1. Let o = n - -2. Determine b(o).
-2
Let j(k) = 9 - 22 + 16 + k. Let b be -2*((-2)/2 + 2). Determine j(b).
1
Let f(t) = t + 1. Let h(a) = -a**2 - 4*a + 1. Let r(n) = -2*f(n) + h(n). Calculate r(-5).
4
Let s(n) = 4*n**2 - 2*n + 1. Let j be s(1). Let b(h) = 1 + j + 2*h**2 - 3. Let w(i) = -i - 1. Let q be w(-2). What is b(q)?
3
Let a(v) = -v**3 + 4*v**2 + 5*v + 6. Suppose 0*s - 2*s = h - 13, -16 = -4*s. What is a(h)?
6
Let a be 12/(-45)*-3*5. Let v(h) = -h**3 + 4*h**2 - h - 4. Give v(a).
-8
Let h(a) = a - 3. Let n = -24 - -29. Calculate h(n).
2
Let d(p) = p**2 + p + 3. Let j = -7 + 10. Suppose 4*a = 4*u - 0 + 16, -4*a + 12 = -j*u. Suppose a = -o - 2*o - 9. What is d(o)?
9
Let d = -81 - -77. Let b(l) = -l**3 - 5*l**2 - 3*l - 5. What is b(d)?
-9
Let m(a) = -a - 1 + 2 + 2. Suppose 5*d - 6 + 28 = -3*y, 2*y = 2*d - 4. Calculate m(y).
7
Let c(f) be the second derivative of -f**5/20 - f**4/3 - f**3/3 - 14*f. Calculate c(-4).
8
Suppose 0 = 2*m + 2*m. Suppose -2*u + 0*u = 0. Let d(o) = o + u - 2 - 3. What is d(m)?
-5
Let s(c) be the first derivative of c - c**4 + 1/2*c**2 + 2 + 1/3*c**3. What is s(-1)?
5
Let n(x) = -x**2 - 10*x - 2. Let t be